*a + 4*v + 245, 78 = -a - 5*v. Let j = a - -111. Suppose -3*g + j = -g. Is g prime?
False
Suppose -2*z - 4*u = -5055 + 1465, u = -3*z + 5360. Let k = 4546 - z. Is k prime?
False
Suppose f = 2 + 1. Suppose 4*w - 2*w + f*b - 2081 = 0, -2*w = -b - 2077. Is w a composite number?
False
Suppose -m = -5*s - 2749, 5*s + 1801 = -3*m + 10048. Is m composite?
False
Let x(w) = 4*w**3 + 16*w**2 - 100*w + 1233. Is x(44) composite?
True
Let x = 18058 + 51915. Is x prime?
False
Let v = -17892 + 71719. Is v a composite number?
True
Let i(h) = 16*h**3 - 17*h**2 - 38*h - 383. Is i(24) a prime number?
True
Let b(d) be the third derivative of -289*d**4/24 + 133*d**3/6 - 5*d**2. Is b(-16) composite?
True
Is (1227363/4)/((2/(-24))/(15/(-135))) prime?
True
Let v = -202 + 206. Suppose -3*g - 22413 = -v*w, 4*w - 21*g + 16*g - 22419 = 0. Is w a prime number?
False
Let m = -510 + 11797. Let z = -3020 - m. Is 2/(-8) + (z/(-12) - -3) a prime number?
False
Let h(j) = -323*j - 45. Is h(-28) composite?
False
Let y(a) = 3*a + 1. Let t be y(1). Suppose 15 - 1188 = -t*m + u, 0 = m + 3*u - 290. Is m a prime number?
True
Is 4 + -12 + -2 + -1 + 229368 composite?
True
Let i(o) = -14444*o + 2937. Is i(-8) a prime number?
False
Let v(o) = 26*o**2 + 3 + 13 + 0*o - 67 + 12*o. Is v(8) composite?
False
Suppose -4*h + 5*l + 6609 = -2323, -2233 = -h - 5*l. Let k = h - 1320. Suppose -4*f - f - g = -4469, 5*g - k = -f. Is f composite?
True
Let t be ((-21)/(-9) - 2)/(18/156546). Let u = t - 1620. Is u a prime number?
True
Let n = 24 + -21. Suppose 0*j = -3*j + 3*g + 18897, j = n*g + 6307. Suppose -j = -10*c + 5*c. Is c prime?
True
Let m(k) = -8*k**2 + 5*k - 4. Let i be m(4). Suppose 0 = -7*c + 570 + 1068. Let x = i + c. Is x composite?
True
Suppose -9186 = 3*r + 3*h, 0 = -5*r - 3*h - 0*h - 15320. Let a = r - -8178. Is a composite?
True
Let s(j) = j**3 + 13*j**2 + 23*j + 17. Let a be s(-11). Suppose -28712 = -2*v - a*v. Is v prime?
False
Let h be -3*(-2498)/(-6)*-1. Let f(s) = -12*s**2 - s + 10. Let y be f(-8). Let q = y + h. Is q a prime number?
True
Let l(m) = -9*m + 3. Let n be l(1). Let p(z) = z**3 + 3*z**2 + 7*z + 12. Let g be p(n). Is ((-52)/(-39))/(-1 - 142/g) prime?
False
Let v(h) = 65254*h**2 - 1124*h - 2253. Is v(-2) a prime number?
True
Let j = 1073 - -4193. Is j a composite number?
True
Suppose 3 = -6*t + 63. Suppose -t - 25 = -7*w. Suppose -5*g = -2*z + 203 - 548, 3*g + w*z - 207 = 0. Is g composite?
True
Let d = 5227 + -848. Is d a composite number?
True
Let p(x) be the first derivative of -89*x**5/60 + 3*x**4/8 + 5*x**3/3 + 11. Let r(z) be the third derivative of p(z). Is r(-4) a prime number?
False
Let o(k) = k**3 + 8*k**2 - 26*k - 55. Let f be o(-10). Suppose -f*g + 2919 = -2*y, -38*y + 42*y = -3*g + 1741. Is g prime?
False
Suppose -17954*l - 1375208 - 1723957 = -17969*l. Is l a prime number?
False
Is (0 + 9 - 6) + 4 + 9034 composite?
False
Let s = 15 + -7. Let t be -1 + -1 + -2 + 1. Is (-22)/t - s/24 a composite number?
False
Is 16/(-96) - (8/96)/(1/(-11991686)) prime?
True
Let i = 119286 + -43225. Is i composite?
True
Let j be (0 - 4 - -8) + 2. Suppose -j*q = -2*q - 6188. Suppose 9*z - q = 2*z. Is z a composite number?
True
Let g(r) = -5604*r - 2297. Is g(-45) composite?
True
Let o = 210 + -208. Suppose -2*c - o*h = 3*c - 35913, 28735 = 4*c - 3*h. Is c prime?
False
Suppose -4*a - 156809 = -5*z, -3*z = 2*z - 3*a - 156803. Is z a prime number?
True
Let s(b) = 85*b - 54. Let i be (29 + 0)/(3 + -2). Is s(i) prime?
True
Suppose 0 = -13*z - 1226 + 1265. Suppose 2*y - 525 - 339 = 4*k, 0 = 2*y - 2*k - 856. Suppose u + z*u = y. Is u a composite number?
True
Let k(l) = 3*l**3 - 39*l**2 - l + 13. Let t be k(13). Suppose 5*i - 18943 = -4*u, 4*i + 0*u - 4*u - 15140 = t. Is i a prime number?
False
Let y(s) = -1. Let t(b) = -b**2 + 4*b - 15. Let f(g) = -t(g) + 6*y(g). Let m be f(-7). Is 2*12/(-8) + m prime?
True
Let g = -52 + 52. Suppose -7*f + 4*f + 15 = g. Suppose -3*q + 2*q = -f*z + 7, -2*z + 47 = 3*q. Is q a composite number?
False
Let d(k) = 9519*k**2 + 138*k - 1403. Is d(8) a composite number?
True
Is 128709 - 23/(184/64) prime?
False
Suppose 0 = -4*x + 6*z - 2*z + 20, 2*z = 4*x - 20. Suppose 4*t = y + 6549, 3*t - x*y = -3*y + 4913. Is t a prime number?
True
Suppose 5*u - 8 = n + 50, -5*n = 15. Let m = u - -24. Is m prime?
False
Suppose -83 = -25*i + 17. Let v(j) = 190*j + 27. Is v(i) a composite number?
False
Suppose 5*y - 1104 = 4301. Suppose -2*p - y - 2841 = 0. Let b = p + 2754. Is b composite?
True
Is (-237 - -235)*203254/(-4) a prime number?
True
Suppose 5*s - 11981 = 22834. Suppose 3*g - 6069 = s. Let u = 2583 + g. Is u composite?
True
Let r = -44 - -42. Let q be (1 - r) + (-36)/(-12). Is 8406/12 - (q/(-4) - -1) a composite number?
False
Suppose t = 5*l - 2*t - 401, 5*l - 413 = -t. Suppose 5*y + 51 = 5*j - 59, -4*j + l = -2*y. Suppose j + 92 = 3*z. Is z composite?
False
Suppose -2*s - 4*u + 31084 = -107018, -u = 2*s - 138090. Suppose -47*d = -34*d - s. Is d prime?
False
Suppose n + 3*o = 222009, 2*n + 5*o - 222015 = n. Let m = -75942 + n. Is m/54 + 4/18 a prime number?
False
Is 3/(-33) + (-12523508)/(-209) composite?
False
Let q = -1709 + 2155. Is q a prime number?
False
Suppose -40*j = -53 - 827. Is 143/j*230 + (0 - -4) prime?
True
Let x(w) = 30*w + 12297. Let g be x(0). Is (-222)/1443 - 22/(-26)*g a prime number?
False
Suppose 2*a - 3 = a. Suppose a*h = 7*h - h. Suppose h = j + 3*o - 1669, 4*j - 1474 = 5*o + 5134. Is j a composite number?
False
Is (32059/(-2) + -1)/(((-126)/(-28))/(-9)) prime?
False
Suppose -181*f + 1647745 = -170*f. Is f prime?
False
Suppose 178*b - 2*s + 1146935 = 181*b, 3*b - 3*s = 1146960. Is b a composite number?
True
Suppose 0*s = -7*s + 7. Is (-2 - (6/(-4))/s)*-3442 a prime number?
True
Let v = -48726 - -70217. Let o = -11380 + v. Is o a prime number?
True
Let x = -1817 + 3056. Suppose 4*k = k + x. Let p = k + -51. Is p a composite number?
True
Let y = 39066 - 23107. Is y a prime number?
True
Suppose 4*n = 3*f - 142773, 148*f - 152*f = 4*n - 190364. Is f a composite number?
False
Let w(m) = -14344*m - 975. Is w(-16) a composite number?
True
Suppose 5*k - 4*h = 22 + 2, h = -k + 3. Suppose 2527 = 11*n - k*n. Suppose -9*u - n = -10*u. Is u composite?
True
Suppose 165*s - 150*s = 7786494 - 551949. Is s composite?
True
Let x = 39 - 5. Suppose 0 = 36*m - x*m - 2864. Suppose 0*a = -8*a + m. Is a prime?
True
Let x(u) = -11*u + 3. Let l(m) = -2*m**2 + 9 + 2*m + 3 - 10 + m**2. Let r be l(-2). Is x(r) prime?
False
Suppose -4*p + 20 = 0, -3*z - p + 13 + 22 = 0. Suppose z*b - 40 = -0*b. Suppose 8279 = 5*i - 4*c, b*c - 2*c - 6618 = -4*i. Is i a composite number?
True
Let s(j) = -8*j - 123. Let o be s(-16). Suppose -x = -o*k - 2990, 5*x + 6*k - 14978 = 3*k. Is x composite?
True
Suppose -40 + 36 = 4*m. Let z be ((-1)/(-2) - m)/((-6)/40). Is (-2 + 60 - 0)*(-115)/z a prime number?
False
Suppose 4*i = 3*t + 2, 0 = -2*i - 4*t + t + 10. Suppose 0 = -3*j - 5*w + 80, 5*j + 9*w - 150 = 4*w. Suppose i*s - 165 = -j. Is s a prime number?
False
Suppose -1232 = p - 7914. Let w = -3669 + p. Is w a composite number?
True
Suppose -2*v + i + 2 = 0, 0 = -v + 2*i + 1. Suppose -v = -f - 4. Is (-1)/(f/3)*143 composite?
True
Let w = 14719 - 8880. Let b = 4092 + w. Is b a composite number?
False
Suppose -40 = 6*j + 86. Is (1 + (-577)/(-2))*(-42)/j composite?
True
Let z(g) be the third derivative of -3*g**4 + 5*g**3/3 + 2*g**2. Let v(l) = 73*l - 9. Let n(i) = 3*v(i) + 4*z(i). Is n(-16) prime?
True
Suppose -2*h - 3*w + 5*w + 8834 = 0, 2*h + 2*w - 8814 = 0. Suppose -h = 10*m + 3158. Let b = 1208 + m. Is b composite?
True
Suppose -66*d + 3057 = -63*d. Let o = d - 1468. Is (1*o)/((-15)/15) a composite number?
False
Suppose 0 = 8*z - 24. Suppose z*a - 37531 = -0*h - 4*h, -4*h + 4*a = -37552. Is h/20 + 3/(-12) a prime number?
False
Let m(j) be the second derivative of j**4/4 + 2*j**3/3 + 16*j**2 + 6*j. Let w be 2695/110 - (-3)/(-2). Is m(w) composite?
True
Let m(n) = 2*n + 4. Suppose h + 2 = 16. Let r be m(h). Suppose -r = 2*x - 310. Is x composite?
False
Suppose -23478 = -2*h - 2*n, 2*h + n = -0*h + 23479. Suppose 29*m - 9*m = h. Is m a prime number?
True
Let x(d) = -2566*d - 39. Let m = 531 + -536. Is x(m) a composite number?
False
Let c = -757 - -457. Let k be ((-5)/(-15))/(1/(-537)). Let 